, what is -2 + 1000111020000?
1000111012221
In base 2, what is 110111111111011 - -10111010?
111000010110101
In base 16, what is 7b6 + 675?
e2b
In base 7, what is -42340 + 1136?
-41201
In base 8, what is -136 + 113611?
113453
In base 11, what is -11418 - -881?
-10647
In base 9, what is -5507074 - 30?
-5507114
In base 13, what is -562 + -16996?
-17228
In base 3, what is 101100 + -2012202121?
-2012101021
In base 2, what is 11110111100001111011 - -1011?
11110111100010000110
In base 6, what is -1234 + -1112022?
-1113300
In base 3, what is 20022010101120001 + 2?
20022010101120010
In base 15, what is 1490e - 45?
148b9
In base 3, what is -112 + 1001011200010?
1001011122121
In base 7, what is -1 - -202530052?
202530051
In base 4, what is -12 + -13111321301?
-13111321313
In base 2, what is 101010111010000010011001 + -1000001?
101010111010000001011000
In base 6, what is -51122500 - -415?
-51122041
In base 11, what is -8 + -27772836?
-27772843
In base 10, what is 12199 - 66?
12133
In base 16, what is 3556 - 2e5?
3271
In base 5, what is 323413041300 + 3?
323413041303
In base 12, what is -2 - ba59b7?
-ba59b9
In base 15, what is 0 - ec99b8?
-ec99b8
In base 11, what is 22533a3 - -9?
2253401
In base 11, what is 16a + -34278?
-34109
In base 10, what is -49655 + -83?
-49738
In base 11, what is 48 - -67040?
67088
In base 14, what is 24a2 + 2c2c8?
3078a
In base 8, what is 631600 + -103?
631475
In base 5, what is 12 + -11133242442?
-11133242430
In base 12, what is 2 - b9163b?
-b91639
In base 8, what is -13630313 + 14?
-13630277
In base 3, what is -12221000 + 2211101?
-10002122
In base 15, what is -3 + 23ce96a?
23ce967
In base 8, what is 2151545 - -221?
2151766
In base 14, what is -b6 + -2ca37?
-2cb0d
In base 11, what is 21a7 + 9291?
10488
In base 3, what is 100122 + -2200212211011?
-2200212110112
In base 13, what is 2a6c5a - 69?
2a6bc1
In base 16, what is 1f - -162e17?
162e36
In base 11, what is -601867 + -1167?
-602a23
In base 16, what is 94e7e2 + 2?
94e7e4
In base 7, what is 65 - 5322634?
-5322536
In base 10, what is -462 - 29468?
-29930
In base 12, what is aa7 + 20634?
2151b
In base 10, what is 18 - 9762887?
-9762869
In base 9, what is -5235 + -70676?
-76022
In base 8, what is 1 - -67774633?
67774634
In base 13, what is 2c1c73 - -11?
2c1c84
In base 11, what is 2 + -3858863?
-3858861
In base 7, what is -12211602452 - 2?
-12211602454
In base 10, what is -3 + 8791519?
8791516
In base 7, what is 2 - -22443064?
22443066
In base 14, what is -32985522 - 2?
-32985524
In base 11, what is -3903972 - -5?
-3903968
In base 4, what is -331203213 + 101200?
-331102013
In base 11, what is -1291 + 12273?
10a92
In base 11, what is 37 - -937?
973
In base 2, what is 1011 + 1000011000000010111010001?
1000011000000010111011100
In base 2, what is -111001100001101001011 + 10?
-111001100001101001001
In base 4, what is -100 + -3201202132?
-3201202232
In base 6, what is 50 + 24151550?
24152040
In base 14, what is 266c9 + 19?
26704
In base 9, what is -128880 - 73?
-130063
In base 13, what is 7 + -285403?
-2853c9
In base 4, what is 131112321 + 33321?
131212302
In base 11, what is 4a2 + -3498?
-2aa6
In base 7, what is 1145165151 - 4?
1145165144
In base 12, what is 129927 + 2?
129929
In base 5, what is 2124 - 23211214?
-23204040
In base 4, what is -2133013 - 1012222?
-3211301
In base 6, what is 4225322 - -2512?
4232234
In base 8, what is -672615 - -3716?
-666677
In base 9, what is 35 - 46852255?
-46852220
In base 5, what is 12 + 214231104440?
214231110002
In base 2, what is 101100110101101101110 + -10000001?
101100110101011101101
In base 15, what is 2956 - 4d7?
246e
In base 13, what is 405 - 879?
-474
In base 12, what is -5 - 384263?
-384268
In base 4, what is 11 + -101201210003133?
-101201210003122
In base 10, what is 13 + -2803828?
-2803815
In base 12, what is 69451 - -759?
69baa
In base 9, what is -5058 + -1155?
-6224
In base 5, what is -21 - 124001004?
-124001030
In base 13, what is -a + 257b38?
257b2b
In base 13, what is 7ac80 - 28a?
7a9c3
In base 7, what is -125 - -6320320?
6320162
In base 12, what is 9 - -46959?
46966
In base 9, what is 3 + 3381564?
3381567
In base 6, what is -141523 - 125041?
-311004
In base 2, what is -1011100001110101111110101 - -1?
-1011100001110101111110100
In base 6, what is -4510550 + 123?
-4510423
In base 11, what is -363200 + 1a?
-363191
In base 8, what is -1724 + 2223?
277
In base 9, what is 4341 + -154066?
-148625
In base 11, what is 15244a0a + -3?
15244a07
In base 3, what is 20022001 + 11110100?
101202101
In base 13, what is -788203 + 2?
-788201
In base 16, what is 339 + 2641?
297a
In base 11, what is 9 + -2516030?
-2516022
In base 7, what is 23035 + 1164?
24232
In base 16, what is -30 - 480ee?
-4811e
In base 9, what is 23203 + -318?
22774
In base 5, what is -400 - -2140341?
2134441
In base 10, what is -286100 - 871?
-286971
In base 10, what is -1874 + 200901?
199027
In base 11, what is -4 + -727a736?
-727a73a
In base 10, what is 5 + 376147?
376152
In base 4, what is 22 + -11110331222223?
-11110331222201
In base 4, what is -3012122 - -110?
-3012012
In base 9, what is -4 + 12774103?
12774088
In base 12, what is 22b8 - 20680?
-1a384
In base 15, what is 3db + -2a9eb?
-2a610
In base 4, what is -312113 + 322231?
10112
In base 6, what is -121451424543 - -4?
-121451424535
In base 3, what is -21121 + 202200111020?
202200012122
In base 5, what is -2324013414042 + -2?
-2324013414044
In base 10, what is 42 - -955992?
956034
In base 4, what is 11203121331 + 0?
11203121331
In base 12, what is a6ba3 + -3b89?
a3016
In base 15, what is 865a72 + 0?
865a72
In base 13, what is 49 - -299b1b?
299b67
In base 12, what is -4 + 2719503a?
27195036
In base 16, what is 3c - -10db58a?
10db5c6
In base 4, what is -1020130 - 23211111?
-30231301
In base 3, what is 110122 + 111210200?
112021022
In base 16, what is -5700045 - -1?
-5700044
In base 14, what is -5868b + -5c?
-58709
In base 2, what is -11100100001110010 - 10011110?
-11100100100010000
In base 2, what is -101 + 10101111111110101011111101111?
10101111111110101011111101010
In base 14, what is -488 - d2a?
-13b4
In base 9, what is -2 + 641288?
641286
In base 16, what is -2 - 523613?
-523615
In base 4, what is -1 + 23300100210?
23300100203
In base 4, what is 1233002112 - 123?
1233001323
In base 16, what is -474d9 + -21?
-474fa
In base 4, what is -3 + 301130311110?
301130311101
In base 12, what is -21 + 5380?
535b
In base 16, what is -1ddb029 + 5?
-1ddb024
In base 11, what is 8 - 30933687?
-3093367a
In base 6, what is -1 + 11144050550?
11144050545
In base 3, what is -212 + -10212210220200?
-10212210221112
In base 10, what is 131893 + 54?
131947
In base 7, what is -2332021 - 5514?
-2340535
In base 12, what is 2902a9b + 51?
2902b30
In base 14, what is 6b30c6 - 53?
6b3073
In base 11, what is -6015 - -41924?
3690a
In base 5, what is 10 + -10312334321?
-10312334311
In base 9, what is -34203504 + -1?
-34203505
In base 10, what is -251763420 + 4?
-251763416
In base 5, what is 243133014 + -1214?
243131300
In base 15, what is ee9522 + 1?
ee9523
In base 11, what is -43 - 5731a7?
-57323a
In base 14, what is 24b3a33 + a?
24b3a3d
In base 4, what is -331003211231 - 10?
-331003211301
In base 9, what is 5045 + 37222?
43267
In base 3, what is 120110 - 2111220021?
-2111022211
In base 6, what is -2035505231 - 2?
-2035505233
In base 13, what is -3bb6b4 - -17?
-3bb69a
In base 11, what is -22843 - -8379?
-15475
In base 16, what is 247bbf - -9?
247bc8
In base 14, what is 4 - -2b9cdd2?
2b9cdd6
In base 16, what is -3c6fe28 + 5?
-3c6fe23
In base 8, what is -163 + -23762234?
-23762417
In base 3, what is 210002101022112 - 11?
210002101022101
In base 13, what is 17036 - -1449?
18482
In base 12, what is 9612115 - -3?
9612118
In base 12, what is 36b5 - 1146?
256b
In base 2, what is -10000100011100 + 10110001100010?
101101000110
In base 13, what is -1293 - -8829?
7566
In base 4, what is -2231111013232 - 1?
-2231111013233
In base 7, what is 432 + 45523?
46255
In base 8, what is -1350526665 + -5?
-1350526672
In base 13, what is -133b776c - 0?
-133b776c
In base 3, what is -2 - 10011100211102?
-10011100211111
In base 9, what is 5 + -30382382?
-30382376
In base 3, what is 1010220110 - -2001122?
1012222002
In base 16, what is -26f3 - a23?
-3116
In base 7, what is -11 - 